f 72675.
3, 5, 17, 19
What are the prime factors of 36404?
2, 19, 479
List the prime factors of 7939.
17, 467
List the prime factors of 133814.
2, 23, 2909
What are the prime factors of 110508?
2, 3, 9209
List the prime factors of 123544.
2, 15443
What are the prime factors of 10923?
3, 11, 331
What are the prime factors of 1262?
2, 631
What are the prime factors of 2064?
2, 3, 43
List the prime factors of 2189.
11, 199
List the prime factors of 1407.
3, 7, 67
What are the prime factors of 1423?
1423
List the prime factors of 5908.
2, 7, 211
List the prime factors of 35288.
2, 11, 401
List the prime factors of 9945.
3, 5, 13, 17
List the prime factors of 95969.
19, 5051
What are the prime factors of 93?
3, 31
What are the prime factors of 1552?
2, 97
List the prime factors of 49552.
2, 19, 163
What are the prime factors of 4525?
5, 181
What are the prime factors of 34852?
2, 8713
List the prime factors of 7132.
2, 1783
What are the prime factors of 10833?
3, 23, 157
What are the prime factors of 989?
23, 43
What are the prime factors of 9525?
3, 5, 127
What are the prime factors of 18763?
29, 647
List the prime factors of 11650.
2, 5, 233
What are the prime factors of 12516?
2, 3, 7, 149
What are the prime factors of 47?
47
What are the prime factors of 4564?
2, 7, 163
List the prime factors of 12602.
2, 6301
What are the prime factors of 5107?
5107
What are the prime factors of 5798?
2, 13, 223
List the prime factors of 11971.
11971
What are the prime factors of 45929?
13, 3533
What are the prime factors of 61?
61
List the prime factors of 244.
2, 61
List the prime factors of 10611.
3, 131
List the prime factors of 1329.
3, 443
What are the prime factors of 312?
2, 3, 13
List the prime factors of 1749.
3, 11, 53
What are the prime factors of 18598?
2, 17, 547
List the prime factors of 159107.
13, 12239
List the prime factors of 1475.
5, 59
What are the prime factors of 47539?
137, 347
What are the prime factors of 577?
577
List the prime factors of 3604.
2, 17, 53
List the prime factors of 4484.
2, 19, 59
List the prime factors of 532.
2, 7, 19
List the prime factors of 15530.
2, 5, 1553
List the prime factors of 10173.
3, 3391
What are the prime factors of 1656?
2, 3, 23
What are the prime factors of 2729?
2729
What are the prime factors of 3166?
2, 1583
List the prime factors of 2301.
3, 13, 59
List the prime factors of 817.
19, 43
What are the prime factors of 1047?
3, 349
List the prime factors of 1237.
1237
What are the prime factors of 1371?
3, 457
What are the prime factors of 2752?
2, 43
List the prime factors of 4165.
5, 7, 17
List the prime factors of 1358.
2, 7, 97
What are the prime factors of 1163?
1163
What are the prime factors of 6833?
6833
List the prime factors of 32758.
2, 11, 1489
List the prime factors of 13406.
2, 6703
What are the prime factors of 632?
2, 79
What are the prime factors of 719?
719
List the prime factors of 106645.
5, 7, 11, 277
List the prime factors of 12981.
3, 4327
What are the prime factors of 14801?
19, 41
List the prime factors of 15035.
5, 31, 97
What are the prime factors of 602?
2, 7, 43
List the prime factors of 13414.
2, 19, 353
List the prime factors of 4113.
3, 457
List the prime factors of 1794.
2, 3, 13, 23
List the prime factors of 616.
2, 7, 11
What are the prime factors of 58902?
2, 3, 9817
What are the prime factors of 18687?
3, 6229
List the prime factors of 39448.
2, 4931
What are the prime factors of 628?
2, 157
What are the prime factors of 333?
3, 37
What are the prime factors of 45199?
7, 11, 587
What are the prime factors of 7700?
2, 5, 7, 11
List the prime factors of 116898.
2, 3, 19483
What are the prime factors of 81228?
2, 3, 7, 967
What are the prime factors of 232?
2, 29
List the prime factors of 9644.
2, 2411
List the prime factors of 221.
13, 17
List the prime factors of 217.
7, 31
List the prime factors of 4612.
2, 1153
What are the prime factors of 11563?
31, 373
What are the prime factors of 980?
2, 5, 7
List the prime factors of 64053.
3, 11, 647
List the prime factors of 610.
2, 5, 61
List the prime factors of 1814.
2, 907
What are the prime factors of 3764?
2, 941
What are the prime factors of 37847?
37847
List the prime factors of 22613.
22613
What are the prime factors of 39480?
2, 3, 5, 7, 47
List the prime factors of 814.
2, 11, 37
List the prime factors of 2259.
3, 251
List the prime factors of 6.
2, 3
What are the prime factors of 4969?
4969
What are the prime factors of 1606?
2, 11, 73
What are the prime factors of 6724?
2, 41
What are the prime factors of 6159?
3, 2053
What are the prime factors of 6590?
2, 5, 659
What are the prime factors of 302?
2, 151
What are the prime factors of 191?
191
What are the prime factors of 7190?
2, 5, 719
What are the prime factors of 5434?
2, 11, 13, 19
What are the prime factors of 62190?
2, 3, 5, 691
List the prime factors of 429.
3, 11, 13
List the prime factors of 8368.
2, 523
What are the prime factors of 25995?
3, 5, 1733
List the prime factors of 1406.
2, 19, 37
What are the prime factors of 7011?
3, 19, 41
List the prime factors of 30007.
37, 811
What are the prime factors of 8539?
8539
What are the prime factors of 1664?
2, 13
What are the prime factors of 3556?
2, 7, 127
List the prime factors of 10285.
5, 11, 17
List the prime factors of 7266.
2, 3, 7, 173
What are the prime factors of 8352?
2, 3, 29
List the prime factors of 7514.
2, 13, 17
What are the prime factors of 78063?
3, 26021
List the prime factors of 50400.
2, 3, 5, 7
What are the prime factors of 1083?
3, 19
What are the prime factors of 3444?
2, 3, 7, 41
What are the prime factors of 3503?
31, 113
List the prime factors of 975.
3, 5, 13
What are the prime factors of 2330?
2, 5, 233
List the prime factors of 59236.
2, 59, 251
What are the prime factors of 21610?
2, 5, 2161
What are the prime factors of 121090?
2, 5, 12109
What are the prime factors of 21419?
21419
What are the prime factors of 166000?
2, 5, 83
List the prime factors of 6143.
6143
What are the prime factors of 4586?
2, 2293
What are the prime factors of 2874?
2, 3, 479
List the prime factors of 7974.
2, 3, 443
What are the prime factors of 6943?
53, 131
What are the prime factors of 4961?
11, 41
What are the prime factors of 17639?
31, 569
List the prime factors of 2403.
3, 89
List the prime factors of 6983.
6983
What are the prime factors of 1075?
5, 43
List the prime factors of 268.
2, 67
What are the prime factors of 766?
2, 383
What are the prime factors of 92796?
2, 3, 11, 19, 37
List the prime factors of 16051.
7, 2293
What are the prime factors of 18226?
2, 13, 701
List the prime factors of 629.
17, 37
List the prime factors of 10791.
3, 11, 109
List the prime factors of 32485.
5, 73, 89
What are the prime factors of 6655?
5, 11
What are the prime factors of 1313?
13, 101
List the prime factors of 88.
2, 11
What are the prime factors of 397?
397
List the prime factors of 10491.
3, 13, 269
List the prime factors of 1253.
7, 179
List the prime factors of 7152.
2, 3, 149
List the prime factors of 4178.
2, 2089
List the prime factors of 21472.
2, 11, 61
List the prime factors of 2830.
2, 5, 283
List the prime factors of 34328.
2, 7, 613
List the prime factors of 2781.
3, 103
List the prime factors of 6262.
2, 31, 101
List the prime factors of 698.
2, 349
List the prime factors of 940.
2, 5, 47
List the prime factors of 4664.
2, 11, 53
List the prime factors of 3008.
2, 47
What are the prime factors of 3297?
3, 7, 157
List the prime factors of 456.
2, 3, 19
List the prime factors of 8090.
2, 5, 809
What are the prime factors of 486?
2, 3
What are the prime factors of 23949?
3, 887
What are the prime factors of 5782?
2, 7, 59
What are the prime factors of 1408?
2, 11
What are the prime factors of 44533?
44533
What are the prime factors of 784?
2, 7
What are the prime factors of 13830?
2, 3, 5, 461
What are the prime factors of 10686?
2, 3, 13, 137
List the prime factors of 9684.
2, 3, 269
List the prime factors of 825.
3, 5, 11
What are the prime factors of 12846?
2, 3, 2141
What are the prime factors of 2178?
2, 3, 11
List the prime factors of 43656.
2, 3, 17, 107
What are the prime factors of 80?
2, 5
List the prime factors of 27263.
137, 199
List the prime factors of 573.
3,